
5
-7 + -1 + -4 + (-6 - -18)
0
(2 - 1) + 5 + -1 + -1
4
Calculate -23 + (7 - -4) + 3.
-9
What is the value of (26 - 21) + -5 + 1?
1
What is 4 + (2 - 4) + -9?
-7
What is the value of -6 + (-3 - (2 + -2)) + 4?
-5
What is -22 - -18 - (-1 + -1)?
-2
What is 1 - (-3 + (3 + 3 - 3))?
1
Calculate -2 + 1 - (-3 + 1).
1
Calculate (-8 - 0 - (-21 + 19)) + 2.
-4
Calculate (3 + -1 - 4) + 4.
2
Calculate -10 - -2 - (7 + -8 - 2).
-5
What is (9 - -1) + (-20 - 0)?
-10
What is the value of (-2 + 8 - 12) + 0?
-6
83 + -92 + (-1 - -6)
-4
Evaluate 2 + 2 - (29 - 33).
8
What is -26 + 30 + (-1 - 3)?
0
What is 5 - 4 - 2 - -3 - 9?
-7
What is the value of (3 - 6) + 0 + 1?
-2
What is -7 + 2 + -3 + 8?
0
Calculate 3 + -1 + 1 + 2.
5
-3 - -2 - (3 + -4) - 0
0
Calculate -3 - (-4 + (4 - 0)).
-3
What is the value of -3 + -3 - (-7 + 0)?
1
Calculate 10 + (2 - 12 - -3) + 3.
6
Evaluate -11 - -13 - (0 + 1).
1
What is 5 + (-7 - 4) + 5?
-1
(19 - 17) + (0 - 1)
1
Evaluate 8 - (-2 + -4 + 14).
0
1 + (-2 - (-2 - 1))
2
Evaluate 0 - 2 - (-6 + -7 + 8).
3
What is -4 + (-5 + 7 - 0) - 1?
-3
31 + -32 + (2 - 1) + -6
-6
What is (5 - 0 - -1) + -6 + 5?
5
What is the value of -5 + (10 - (6 - 1)) - 0?
0
Calculate (1 - (16 - 0)) + 115 + -109.
-9
What is the value of -3 + 1 - (-3 + 4 - 2)?
-1
What is -2 + 3 + 0 - (1 - -5)?
-5
Calculate (-4 - -8 - 8) + 0.
-4
-4 - (1 - -2 - 9) - 0
2
What is -1 - -1 - (13 - 10)?
-3
Calculate (0 - 0) + 0 - (-68 - -63).
5
What is -10 - (-5 + -6) - (0 - 6)?
7
What is the value of 5 + -1 + -4 + -1?
-1
1 + 1 - (11 + -13)
4
-7 - 0 - -18 - 6
5
-2 - (3 + -3 + 3)
-5
What is -2 - 1 - (-30 + 26)?
1
What is (26 - 34 - (4 - 0)) + 4?
-8
What is the value of (10 - 13) + (3 - 0 - -1)?
1
What is the value of (-2 - 3) + 0 + (-4 - -6)?
-3
Calculate -61 - -71 - (1 - -14).
-5
What is (-5 - (-3 + 2 + 2)) + 3?
-3
What is the value of 4 + -8 + (-2 - -8)?
2
Evaluate (1 - -2) + -10 + 12.
5
What is the value of 1 - 0 - (12 - 11)?
0
What is -2 + -2 - (2 + -6)?
0
Evaluate 3 + -10 + 14 + -14.
-7
Evaluate -3 + -1 + 10 + -3.
3
Evaluate 0 + 5 + -4 + (-1 - 4).
-4
What is 7 - 13 - -9 - -2?
5
Evaluate (0 - 5) + -4 + 7 - 5.
-7
Evaluate (-1 - -2) + (6 + -3 - 3).
1
(-4 - -8) + 7 + -16
-5
19 - 11 - (5 - 1)
4
What is -9 + 4 + 3 + 25 + -21?
2
Calculate 6 + -4 + 0 - 4 - 2.
-4
Evaluate 11 + (2 - -5 - 10).
8
What is 6 - (2 - (4 + -2) - -2)?
4
(2 - (0 + 2 + 1)) + 3
2
Evaluate (-9 + 2 - -9) + -4.
-2
Evaluate (5 - 3) + (1 - (0 - 1)).
4
Calculate (-4 - (-1 - 2 - -4)) + 1.
-4
What is the value of 14 - 7 - -1 - 3?
5
What is (5 - 5) + -7 - -5?
-2
Evaluate (1 - 0) + (-30 - -29).
0
(0 - -3 - 0) + -8
-5
(-2 - (0 + -9)) + (88 - 92)
3
What is -6 + (1 - -3) + (2 - 1)?
-1
What is 3 + -6 + 17 + -10?
4
Calculate (-1 + -4 - -1) + 269 + -270.
-5
(4 - 1) + 4 + -8 + -2
-3
(13 - (1 - 4)) + -11
5
Calculate 6 - (-3 - 8 - -21).
-4
What is the value of -1 - (-6 + -1 - -5)?
1
What is the value of -1 + 3 + 25 + -22?
5
7 + (-9 + 5 - 4)
-1
-7 + 10 + 4 + 2
9
What is the value of 0 + (13 + -7 - 1 - 3)?
2
What is (2 - -3) + -4 + 4?
5
41 + -42 + (-1 - 3) + 0
-5
Calculate -2 - -4 - (7 + -12 + 3).
4
-1 + (5 + -10 + 4 - 0)
-2
(1 - 0 - 1) + 1 + -1
0
(-9 - (-5 + -4)) + (0 - 1)
-1
What is -5 + 7 - (2 - 4 - -5)?
-1
Calculate -5 + -6 + 6 - (-3 + 0).
-2
What is 1 + -8 - (-57 + 40)?
10
What is (1 - -7 - (8 - 5)) + 0?
5
What is the value of 5 + (-7 - 1) + (4 - -1)?
2
(-21 - -19) + 0 + -1 + 0
-3
7 + (-7 - (-8 + 2)) - 4
2
What is the value of 2 + -5 + 3 + -3 + -2?
-5
What is (-23 - -17) + 5 + -1?
-2
What is 7 - (3 - (7 - 14))?
-3
-1 + (-4 - -3) - 3
-5
Calculate 1 + (-1 - -2) + 73 + -81.
-6
What is the value of (7 - 3 - (-6 + 10)) + -6?
-6
Evaluate (2 - 5 - 1) + 3.
-1
What is 6 + 11 + -11 - 2?
4
Calculate 1 - 3 - (0 + -1 + 4).
-5
What is the value of -3 + (-1 - -2) + -2 - -4?
0
Evaluate 3 - (22 - 16 - (1 + 1)).
-1
Calculate (0 + 1 - (0 - 1)) + 0.
2
Evaluate 5 + (3 + -4 + -2 - 2).
0
What is -6 + 5 + 0 + -2?
-3
What is the value of (3 - -1) + (4 - 5 - -3)?
6
Calculate 4 + 0 - ((2 - 0) + 1).
1
What is the value of -7 - (-5 + (6 - 6) + 1)?
-3
Calculate 3 - -12 - 8 - 14.
-7
What is the value of 8 - (-4 + 5 + 5 + 0)?
2
What is the value of -6 + 13 + -4 + 0?
3
What is the value of (2 - (2 + -4)) + -5 - -4?
3
(2 + -9 - -5) + -2 + 0
-4
What is -1 + -2 - (-4 - 3)?
4
Calculate (12 - 4) + 0 + -7.
1
What is -3 - 0 - (1 - 10)?
6
Evaluate -17 + (13 - 4) - -4.
-4
Evaluate -4 - (-6 - (8 + -7)).
3
Calculate (6 - (7 - 14 - -4)) + 0.
9
Evaluate 47 + -44 + (-1 - 8) + 1.
-5
What is the value of -2 - (-11 + 19 - 11)?
1
(3 - -2) + 4 + -6
3
Evaluate -2 + 5 + -2 - 1 - 4.
-4
Calculate (1 - 15) + (41 - 29).
-2
What is -9 + -6 + 13 + 8?
6
Calculate (-67 - -56) + (1 - -11).
1
(56 - 50) + (-1 - -3)
8
What is (-8 + 10 - 9) + 14?
7
Evaluate -4 - (-1 + -4 + 3).
-2
What is 3 + 1 + -3 + 4 + -3?
2
What is -1 + 2 + (-7 - -9) - 3?
0
Calculate (20 - 24) + (5 - 0).
1
(1 - (4 + -6) - 5) + 1
-1
What is the value of -7 + (9 - 10) - -11?
3
What is the value of -2 + (2 + -1 - 0) - 0?
-1
What is the value of 3 + (6 - (-7 - -7) - 15)?
-6
Calculate -3 + -1 + -2 + 5 + -4.
-5
What is -4 - ((1 - 6) + 3 - -3)?
-5
What is -3 - (-6 + 6 + -5)?
2
What is 7 + -22 - -2 - -8?
-5
0 + -2 - (-5 - -6 - 1)
-2
Evaluate -7 + (3 - -2) + -1.
-3
What is 1 + -1 - (-26 + 14 + 8)?
4
Evaluate -13 + (-10 - -10 - -15).
2
What is 2 - 4 - -11 - 7?
2
Calculate -1 + (-2 - -6) + -3 + 2.
2
What is the value of (1 - (3 - 9)) + -3 + -1?
3
Calculate 2 + -3 + 7 + -3.
3
6 - 0 - (1 + 1) - 5
-1
What is 0 + -3 + (7 - 1) + 1?
4
76 - 89 - (-3 - 11)
1
(-2 + 7 + -4 - 0) + -3
-2
What is 0 + 0 + 1 + 9 + -6?
4
What is -10 - (-11 + (15 - 11))?
-3
Evaluate -2 + (4 - -1) - 1.
2
What is 8 + (-1 + -1 - 4)?
2
What is the value of -2 - (-7 + 0 + 4)?
1
What is the value of 0 - 2 - (-4 + -1 + 5)?
-2
What is the value of -10 + 11 + 1 + -1?
1
What is the value of 2 - (-3 - (4 - 10))?
-1
What is 1 + -1 - (36 - 33)?
-3
What is (7 - 1) + 2 + -1 + -5?
2
(1 + 7 - 20) + 6
-6
What is the value of (1 - -2) + -2 + -1?
0
Calculate (3 - 3) + (-2 - -3).
1
1 - (-3 - -2 - -4) - -1
-1
What is the value of -5 + 0 + (-1 - (3 + -4))?
-5
What is 0 - -1 - ((5 - 4) + -5)?
5
What is -41 - -46 - (-2 + 0 - -4)?
3
Calculate -2 + 3 + (-1 - 4) + 0.
-4
What is the value of 2 + (1 - 7) - (-30 - -28)?
-2
15 + -6 + (-4 - (2 + 0))
3
Evaluate 0 + 1 - (20 - 11 - 12).
4
What is -2 + -12 + 14 + (-1 - 1)?
-2
Evaluate 1 - 0 - (43 + -36).
-6
What is -11 + (12 - (-12 - -24))?
-11
What is the value of -1 + -3 + (13 - 0) + -3?
6
What is 7 + (3 - 4) + -3 - -1?
4
Evaluate -4 + (-10 + 7 - -5).
-2
What is (0 - 5) + -2 + 5?
-2
What is the value of -4 + 3 + 6 + (-4 - -2)?
3
Evaluate 0 + -1 + -1 + -24 + 24.
-2
What is -4 + -3 + 7 - (1 - -1)?
-2
Calculate -3 - (-12 + 7 + 8).
-6
(-5 - -3 - (2 + 1)) + 4
-1
Evaluate 14 + -7 + -13 + 15.
9
Evaluate (19 + -5 - 6) + -11.
-3
Calculate -3 + (6 - 10) - -8.
1
Evaluate 6 + -12 + 4 + 2.
0
Calculate -9 + 3 + (4 - -1).
-1
What is the value of 3 + -7 + 3 + -4?
-5
What is the value of -2 + (-1 - 1 - (49 - 61))?
8
What is -5 - (-3 - 3) - (-1 + -1)?
3
Evaluate 4 - (-1 + -3 + 3 + 7).
-2
Evaluate (-6 - -6) + 5 - 3.
2
What is 7 - (2 - (-5 + 4))?
4
Evaluate -9 + -3 + 8 - (1 - -1).
-6
3 + -2 + -10 + 4
-5
Evaluate -2 - (-3 + 0) - (0 + 5).
-4
What is 3 - (-8 - -8 - (-4 - -1))?
0
What is the value of -214 + 207 - (-2 - -1)?
-6
Calculate -10 + 6 - (3 - (10 + -5)).
-2
Evaluate -1 + 2 - (12 - 7).
-4
Evaluate -13 + 11 + 1 + (-6 - -2).
-5
1 + -10 - (-3 + 1)
-7
What is 8 + 5 + -5 + -3 - 9?
-4
Calculate -8 - (-11 + 19) - (1 + -8).
-9
What is -3 + (-3 + -2 + 18 - 5)?
5
Calculate -1 + -9 - (7 + -21 + 9).
-5
Evaluate 0 + (-1 + 4 - 0) + -1.
2
Evaluate 3 + -4 + 4 + -2 + 1.
2
What is the value of (-2 - -1) + -2 - -1?
-2
What is the value of 2 + 4 - 4 - (3 - 4)?
3
-1 - -3 - (-1 - (-10 - -3))
-4
What is the value of -1 - ((-5 - -10) + -8)?
2
-2 + (0 - -1) - 3 - 1
-5
(2 - -1) + (-28 - -32) - 14
-7
Evaluate 3 - (2 + 4 + -6).
3
Calculate 1 + -4 + -1 + 3.
-1
Evaluate -4 + -1 + (11 - 4).
2
Evaluate 0 - (-3 - -7) - -8.
4
What is (-1 - (1 - 0)) + (0 - 3)?
-5
-7 + (-7 - (-10 + 4)) + 3
-5
What is -2 + (-4 - (-4 + -2 + 2))?
-2
Calculate (16 - 12) + -10 + 2.
-4
Evaluate 0 - 6 - (3 + -2 + -4).
-3
Evaluate -3 + (-6 - -3) + 2.
-4
What is the value of (2 - -3) + 18 + -20 + 6?
9
What is the value of (-77 - -70) + -2 + 2 + 10?
3